68 and 28.
28
Calculate the greatest common factor of 340921 and 115486.
791
What is the highest common factor of 18490 and 502885?
215
Calculate the greatest common divisor of 12752886 and 628710.
6618
Calculate the greatest common factor of 167896 and 3837236.
2708
What is the greatest common divisor of 21264 and 36788492?
1772
Calculate the greatest common factor of 73138 and 121122154.
5626
Calculate the greatest common divisor of 14092785 and 6405.
105
What is the highest common factor of 102675 and 103709964?
4107
What is the highest common factor of 337 and 1734032826?
337
Calculate the greatest common divisor of 10155960 and 1080.
360
Calculate the highest common divisor of 431111 and 27278.
593
What is the greatest common divisor of 288 and 11145216?
96
What is the greatest common factor of 16369860 and 6240?
780
What is the greatest common divisor of 12 and 2682630?
6
What is the highest common divisor of 1386 and 42060942?
1386
What is the greatest common divisor of 12 and 129934248?
12
Calculate the highest common factor of 295416 and 176056.
2984
What is the greatest common factor of 450 and 437782650?
150
Calculate the greatest common divisor of 2904 and 541837032.
2904
Calculate the greatest common divisor of 330311905 and 385.
385
What is the greatest common factor of 4366 and 49905563?
2183
Calculate the highest common divisor of 34056 and 4558.
86
Calculate the greatest common divisor of 174 and 392254.
58
Calculate the greatest common factor of 9 and 2186991.
9
What is the highest common divisor of 80 and 238062704?
16
What is the highest common factor of 220 and 2979185?
55
Calculate the greatest common factor of 9126 and 599612.
338
What is the greatest common divisor of 25 and 312714725?
25
What is the highest common divisor of 9235241 and 31?
31
What is the highest common divisor of 13736562 and 9114?
294
Calculate the highest common divisor of 332516 and 108.
4
Calculate the greatest common factor of 24156949 and 340.
17
Calculate the greatest common factor of 208 and 3508453.
13
What is the highest common divisor of 36537 and 9291?
57
Calculate the highest common factor of 911050 and 67900.
350
What is the highest common factor of 187000 and 96998?
22
What is the greatest common divisor of 8429 and 778578301?
8429
Calculate the greatest common divisor of 787727 and 870.
29
Calculate the highest common divisor of 26218608 and 8.
8
Calculate the highest common divisor of 187528 and 1720.
8
Calculate the highest common divisor of 2547095 and 11095.
1585
What is the greatest common factor of 43420 and 507988?
52
What is the highest common factor of 608 and 18628?
4
What is the highest common factor of 31854473 and 49?
7
Calculate the greatest common factor of 2768005 and 10.
5
What is the greatest common factor of 32768916 and 48?
12
What is the highest common divisor of 7088670 and 59250?
2370
What is the highest common divisor of 4500 and 15899500?
500
What is the greatest common factor of 67618487 and 785?
157
What is the highest common factor of 162 and 410056101?
81
Calculate the greatest common divisor of 1573089 and 261576.
3633
Calculate the greatest common divisor of 5298048 and 2847.
219
Calculate the highest common divisor of 1735272 and 3936240.
5544
Calculate the highest common divisor of 54 and 3823638.
6
What is the greatest common factor of 56105860 and 380?
380
What is the greatest common factor of 56480 and 106540?
20
What is the highest common divisor of 312 and 4482114?
78
What is the highest common divisor of 1329306 and 91550?
3662
Calculate the greatest common divisor of 200277 and 124245.
99
What is the greatest common factor of 143042046 and 17?
17
Calculate the greatest common factor of 1551 and 748.
11
Calculate the highest common factor of 2304 and 14247.
9
What is the greatest common divisor of 115710 and 39235?
665
What is the highest common divisor of 848 and 923337592?
424
What is the greatest common divisor of 11480820 and 180?
60
Calculate the highest common factor of 2130 and 501829420.
710
What is the greatest common factor of 6758 and 23163154?
218
What is the highest common factor of 20448 and 1594305?
639
Calculate the highest common divisor of 20096069 and 259.
259
Calculate the highest common divisor of 51847312 and 22.
22
Calculate the highest common divisor of 635544 and 2839772.
5044
Calculate the greatest common factor of 5768 and 1013432.
56
What is the highest common factor of 13992034 and 14?
14
What is the greatest common factor of 8876777 and 91?
91
What is the highest common divisor of 238 and 54326118?
238
Calculate the highest common factor of 41 and 472902733.
41
What is the greatest common factor of 130982 and 14032483?
829
Calculate the greatest common divisor of 1382976 and 142464.
1344
Calculate the highest common divisor of 1795 and 177724745.
1795
Calculate the highest common divisor of 6902 and 845971.
119
What is the highest common divisor of 8670 and 67124874?
1734
What is the greatest common factor of 217154870 and 10550?
2110
Calculate the greatest common factor of 1704 and 145813623.
213
What is the highest common divisor of 86064 and 7548204?
1956
What is the highest common divisor of 828 and 4225836?
276
What is the greatest common divisor of 725087 and 59334?
319
Calculate the highest common factor of 27971 and 2745308.
83
What is the highest common factor of 116023 and 1756202?
157
Calculate the greatest common divisor of 16385 and 1007395.
565
What is the greatest common divisor of 26986695 and 235?
235
What is the highest common factor of 24718881 and 2145?
33
Calculate the greatest common factor of 1447857 and 99.
9
What is the highest common divisor of 85 and 2310368?
17
What is the highest common factor of 1033582357 and 8299?
8299
Calculate the highest common factor of 160 and 106685360.
80
Calculate the highest common factor of 5877 and 751158.
9
What is the highest common factor of 2414304 and 314736?
3984
What is the highest common factor of 732291885 and 366?
183
What is the greatest common factor of 314917212 and 444?
444
Calculate the greatest common factor of 712 and 26646956.
356
Calculate the highest common divisor of 1194 and 774182834.
398
Calculate the highest common factor of 244 and 54500084.
244
Calculate the highest common factor of 33198 and 306141.
33
What is the highest common factor of 226838 and 549782?
58
Calculate the highest common divisor of 39366 and 12162.
6
What is the greatest common factor of 140968 and 804?
268
What is the greatest common factor of 35214860 and 160?
20
What is the highest common factor of 5340 and 710?
10
Calculate the greatest common divisor of 18370584 and 15.
3
What is the highest common divisor of 5136 and 149425928?
856
What is the greatest common divisor of 1815 and 9823935?
165
Calculate the greatest common factor of 135 and 802629.
27
Calculate the highest common divisor of 21465018 and 18.
18
What is the highest common factor of 217236 and 1844822?
842
Calculate the greatest common factor of 1515536 and 150337.
869
Calculate the highest common factor of 856413 and 17154.
9
Calculate the greatest common divisor of 70 and 23326310.
70
What is the greatest common factor of 363 and 32141472?
363
Calculate the greatest common divisor of 18536158 and 3810.
254
Calculate the highest common divisor of 1039008 and 25071.
411
Calculate the highest common divisor of 403 and 575469492.
403
Calculate the greatest common divisor of 1600 and 226650.
50
Calculate the highest common divisor of 1150254150 and 2775.
2775
Calculate the greatest common factor of 26556 and 88250014.
4426
Calculate the highest common divisor of 115336 and 18707.
13
What is the highest common divisor of 245557990 and 830?
830
What is the greatest common divisor of 736 and 3036768?
32
Calculate the highest common factor of 332971 and 2139.
713
What is the highest common factor of 998652 and 5118?
6
What is the highest common factor of 7073 and 15427499?
643
Calculate the greatest common divisor of 316794605 and 10.
5
Calculate the highest common divisor of 14080 and 7587250.
110
Calculate the highest common divisor of 602183 and 3653.
281
What is the greatest common divisor of 112962 and 1572195?
843
What is the greatest common 